{"id":7,"date":"2015-09-23T07:55:25","date_gmt":"2015-09-23T07:55:25","guid":{"rendered":"http:\/\/www.byzancenord.com\/?page_id=7"},"modified":"2023-04-27T14:25:18","modified_gmt":"2023-04-27T14:25:18","slug":"le-groupe","status":"publish","type":"page","link":"http:\/\/www.byzancenord.com\/index.php\/le-groupe\/","title":{"rendered":"Le groupe"},"content":{"rendered":"<p>Fruit d&rsquo;une rencontre \u00e9trange, <b>BYZANCE NORD<\/b> est n\u00e9 sous terre. En effet, des musiciens d&rsquo;influences vari\u00e9es se sont rencontr\u00e9s au hasard des galeries, <a href=\"http:\/\/fr.wikipedia.org\/wiki\/Grand_r%C3%A9seau_sud_de_Paris\" target=\"_blank\" rel=\"noopener noreferrer\"> dans les anciennes carri\u00e8res de Paris<\/a>, qu&rsquo;on appelle couramment les catacombes. Quelques jam\u00a0ont commenc\u00e9, d&rsquo;abord spontan\u00e9es, puis d&rsquo;autres, de plus en plus r\u00e9guli\u00e8res, dans ces lieux sombres et pleins de myst\u00e8re.<\/p>\n<p>Que de l\u2019acoustique bien entendu, avec beaucoup de reprises, depuis le blues jusqu&rsquo;au jazz manouche, en passant par la bossa ou le rock. Des grandes exp\u00e9riences, du plaisir, et des improvisations toujours. Depuis, BYZANCE NORD a commenc\u00e9 \u00e0 \u00e9crire ses propres chansons, que vous pourrez entendre en live lors de leurs concerts \u00ab\u00a0en surface\u00a0\u00bb&#8230;<\/p>\n<p>Le groupe est compos\u00e9 d&rsquo;Ope au chant (qui a remplac\u00e9 Djo !), 4P (guitare et harmonica),\u00a0 Saintloup (clavier et clarinette), Mandoche (basse), et enfin L\u00e9o (aux percus, qui a remplac\u00e9 Zou qui nous a accompagn\u00e9 plusieurs ann\u00e9es&#8230;)<\/p>\n<p>&nbsp;<\/p>\n<table style=\"height: 57px;\" width=\"914\">\n<tbody>\n<tr>\n<td style=\"width: 297.333px;\" colspan=\"3\">\n<div class=\"mceTemp\"><\/div>\n<p><img decoding=\"async\" loading=\"lazy\" class=\"alignnone size-large wp-image-708 aligncenter\" src=\"https:\/\/byzancenord.com\/wp-content\/uploads\/2023\/04\/ByzanceNord-1024x683.jpg\" alt=\"\" width=\"640\" height=\"427\" srcset=\"https:\/\/byzancenord.com\/wp-content\/uploads\/2023\/04\/ByzanceNord-1024x683.jpg 1024w, https:\/\/byzancenord.com\/wp-content\/uploads\/2023\/04\/ByzanceNord-300x200.jpg 300w, https:\/\/byzancenord.com\/wp-content\/uploads\/2023\/04\/ByzanceNord.jpg 1440w\" sizes=\"(max-width: 640px) 100vw, 640px\" \/><\/p>\n<p style=\"text-align: center;\">\n<\/td>\n<\/tr>\n<tr>\n<td style=\"width: 297.333px;\">\n<a href=\"http:\/\/www.byzancenord.com\/wp-content\/uploads\/2015\/09\/mendoche_extrait.jpg\"><img decoding=\"async\" loading=\"lazy\" class=\"alignnone wp-image-295 size-medium\" src=\"http:\/\/www.byzancenord.com\/wp-content\/uploads\/2015\/09\/mendoche_extrait-200x300.jpg\" alt=\"\" width=\"200\" height=\"300\" srcset=\"https:\/\/byzancenord.com\/wp-content\/uploads\/2015\/09\/mendoche_extrait-200x300.jpg 200w, https:\/\/byzancenord.com\/wp-content\/uploads\/2015\/09\/mendoche_extrait.jpg 382w\" sizes=\"(max-width: 200px) 100vw, 200px\" \/><\/a><\/p>\n<p>Mandoche \u00e0 la basse<\/td>\n<td style=\"width: 297.333px;\"><a href=\"http:\/\/www.byzancenord.com\/wp-content\/uploads\/2016\/03\/DSC_6347.jpg\"><img decoding=\"async\" loading=\"lazy\" class=\"alignnone wp-image-229 size-medium\" src=\"http:\/\/www.byzancenord.com\/wp-content\/uploads\/2016\/03\/DSC_6347-300x200.jpg\" alt=\"\" width=\"300\" height=\"200\" srcset=\"https:\/\/byzancenord.com\/wp-content\/uploads\/2016\/03\/DSC_6347-300x200.jpg 300w, https:\/\/byzancenord.com\/wp-content\/uploads\/2016\/03\/DSC_6347-1024x681.jpg 1024w\" sizes=\"(max-width: 300px) 100vw, 300px\" \/><\/a><\/p>\n<p>4P, \u00e0 la guitare et harmonica<\/td>\n<td style=\"width: 297.333px;\"><a href=\"http:\/\/www.byzancenord.com\/wp-content\/uploads\/2015\/09\/Ope_red.jpg\"><img decoding=\"async\" loading=\"lazy\" class=\"alignnone wp-image-438 size-medium\" src=\"http:\/\/www.byzancenord.com\/wp-content\/uploads\/2015\/09\/Ope_red-205x300.jpg\" alt=\"\" width=\"205\" height=\"300\" srcset=\"https:\/\/byzancenord.com\/wp-content\/uploads\/2015\/09\/Ope_red-205x300.jpg 205w, https:\/\/byzancenord.com\/wp-content\/uploads\/2015\/09\/Ope_red.jpg 410w\" sizes=\"(max-width: 205px) 100vw, 205px\" \/><\/a><\/p>\n<p>Op\u00e9, au chant !<\/td>\n<\/tr>\n<tr>\n<td style=\"width: 297.333px;\"><a href=\"http:\/\/www.byzancenord.com\/wp-content\/uploads\/2016\/03\/DSC_6322-e1456834773641.jpg\"><img decoding=\"async\" loading=\"lazy\" class=\"alignnone wp-image-218 size-medium\" src=\"http:\/\/www.byzancenord.com\/wp-content\/uploads\/2016\/03\/DSC_6322-e1456834773641-200x300.jpg\" alt=\"\" width=\"200\" height=\"300\" srcset=\"https:\/\/byzancenord.com\/wp-content\/uploads\/2016\/03\/DSC_6322-e1456834773641-200x300.jpg 200w, https:\/\/byzancenord.com\/wp-content\/uploads\/2016\/03\/DSC_6322-e1456834773641-681x1024.jpg 681w, https:\/\/byzancenord.com\/wp-content\/uploads\/2016\/03\/DSC_6322-e1456834773641.jpg 1416w\" sizes=\"(max-width: 200px) 100vw, 200px\" \/><\/a><\/td>\n<td style=\"width: 297.333px;\"><a href=\"http:\/\/www.byzancenord.com\/wp-content\/uploads\/2019\/03\/I88A5079-6.jpg\"><img decoding=\"async\" loading=\"lazy\" class=\"alignnone wp-image-605 size-medium\" src=\"http:\/\/www.byzancenord.com\/wp-content\/uploads\/2019\/03\/I88A5079-6-300x253.jpg\" alt=\"\" width=\"300\" height=\"253\" srcset=\"https:\/\/byzancenord.com\/wp-content\/uploads\/2019\/03\/I88A5079-6-300x253.jpg 300w, https:\/\/byzancenord.com\/wp-content\/uploads\/2019\/03\/I88A5079-6.jpg 1024w\" sizes=\"(max-width: 300px) 100vw, 300px\" \/><\/a><\/td>\n<td style=\"width: 297.333px;\">\n<div class=\"mceTemp\"><\/div>\n<p><a href=\"http:\/\/www.byzancenord.com\/wp-content\/uploads\/2019\/03\/groupe.jpg\"><img decoding=\"async\" loading=\"lazy\" class=\"alignnone wp-image-601 size-medium\" src=\"http:\/\/www.byzancenord.com\/wp-content\/uploads\/2019\/03\/groupe-300x156.jpg\" alt=\"\" width=\"300\" height=\"156\" srcset=\"https:\/\/byzancenord.com\/wp-content\/uploads\/2019\/03\/groupe-300x156.jpg 300w, https:\/\/byzancenord.com\/wp-content\/uploads\/2019\/03\/groupe-1024x534.jpg 1024w, https:\/\/byzancenord.com\/wp-content\/uploads\/2019\/03\/groupe.jpg 2048w\" sizes=\"(max-width: 300px) 100vw, 300px\" \/><br \/>\n<\/a><a href=\"http:\/\/www.byzancenord.com\/wp-content\/uploads\/2019\/03\/groupe.jpg\"><br \/>\n<\/a><\/td>\n<\/tr>\n<tr>\n<td style=\"width: 297.333px;\"><\/td>\n<td style=\"width: 297.333px;\"><\/td>\n<td style=\"width: 297.333px;\">\n<div class=\"mceTemp\"><\/div>\n<p>&nbsp;<\/td>\n<\/tr>\n<\/tbody>\n<\/table>\n<p>&nbsp;<\/p>\n<p>&nbsp;<\/p>\n<p>&nbsp;<\/p>\n<p>&nbsp;<\/p>\n","protected":false},"excerpt":{"rendered":"<p>Fruit d&rsquo;une rencontre \u00e9trange, BYZANCE NORD est n\u00e9 sous terre&#8230;.<\/p>\n","protected":false},"author":1,"featured_media":0,"parent":0,"menu_order":0,"comment_status":"closed","ping_status":"closed","template":"","meta":[],"_links":{"self":[{"href":"http:\/\/www.byzancenord.com\/index.php\/wp-json\/wp\/v2\/pages\/7"}],"collection":[{"href":"http:\/\/www.byzancenord.com\/index.php\/wp-json\/wp\/v2\/pages"}],"about":[{"href":"http:\/\/www.byzancenord.com\/index.php\/wp-json\/wp\/v2\/types\/page"}],"author":[{"embeddable":true,"href":"http:\/\/www.byzancenord.com\/index.php\/wp-json\/wp\/v2\/users\/1"}],"replies":[{"embeddable":true,"href":"http:\/\/www.byzancenord.com\/index.php\/wp-json\/wp\/v2\/comments?post=7"}],"version-history":[{"count":45,"href":"http:\/\/www.byzancenord.com\/index.php\/wp-json\/wp\/v2\/pages\/7\/revisions"}],"predecessor-version":[{"id":709,"href":"http:\/\/www.byzancenord.com\/index.php\/wp-json\/wp\/v2\/pages\/7\/revisions\/709"}],"wp:attachment":[{"href":"http:\/\/www.byzancenord.com\/index.php\/wp-json\/wp\/v2\/media?parent=7"}],"curies":[{"name":"wp","href":"https:\/\/api.w.org\/{rel}","templated":true}]}}